{"id":2678,"date":"2015-05-02T08:52:16","date_gmt":"2015-05-02T07:52:16","guid":{"rendered":"https:\/\/reisen.lorrikeet.de\/?page_id=2678"},"modified":"2021-04-05T16:17:44","modified_gmt":"2021-04-05T15:17:44","slug":"leckere-rezepte-aus-aller-welt","status":"publish","type":"page","link":"https:\/\/reisen.v-74.de\/?page_id=2678","title":{"rendered":"Leckere Rezepte aus aller Welt"},"content":{"rendered":"<p>Eines unserer liebsten Mitbringsel von unseren Reisen sind Kochb\u00fccher. Rezepte sind jedoch auch im Internet zu finden und so ist hier der Ort f\u00fcr eine Sammlung unserer Lieblingsspeisen und -getr\u00e4nke, die wir woanders auf der Welt kennen und lieben gelernt haben.<\/p>\n<!-- Beginning of Link Library Output --><div id='linklist7' class='linklist'><!-- Div Linklist -->\n<div class=\"LinkLibraryCat LinkLibraryCat256 level0\"><!-- Div Category --><div id=\"orientalische-kueche\"><!-- Div Category Name --><div class=\"linklistcatname\"><!-- Div Cat Name --><span class=\"linklistcatclass\">Orientalische K\u00fcche<\/span><\/div><!-- DivOrHeader --><\/div><!-- Div Category Name -->\n\t<ul>\n<li><a href=\"http:\/\/www.theguardian.com\/lifeandstyle\/wordofmouth\/2013\/sep\/25\/how-to-make-perfect-baba-ganoush\" id=\"link-3257\" class=\"track_this_link \" rel=\"noopener noreferrer\" target=\"_blank\">Rezept f\u00fcr Baba Ghanoush<\/a><\/li>\n<li><a href=\"http:\/\/www.foolforfood.de\/index.php\/selbstgemachtes\/rezept-zaatar-selbstgemacht\" id=\"link-3256\" class=\"track_this_link \" rel=\"noopener noreferrer\" target=\"_blank\">Rezept f\u00fcr die Gew\u00fcrzmischung Za&#039;atar<\/a><\/li>\n<li><a href=\"http:\/\/brotbackforum.iphpbb3.com\/forum\/77934371nx46130\/kaese-manufaktur-f44\/libanesischer-frischkaese-labneh-t3247.html\" id=\"link-3255\" class=\"track_this_link \" rel=\"noopener noreferrer\" target=\"_blank\">Rezept f\u00fcr libanesischen Frischk\u00e4se<\/a><\/li>\n<li><a href=\"http:\/\/www.cookandeat-lebanese.com\/lemon-and-mint-juice\" id=\"link-3258\" class=\"track_this_link \" rel=\"noopener noreferrer\" target=\"_blank\">Zitronen-Minze-Saft<\/a><\/li>\n\t<\/ul>\n<\/div><!-- Div End Category -->\n<script type='text\/javascript'>\njQuery(document).ready(function()\n{\njQuery('.arrow-up').hide();\njQuery('#linklist7 a.track_this_link').click(function() {\nlinkid = this.id;\nlinkid = linkid.substring(5);\npath = '';\njQuery.ajax( {    type: 'POST',    url: 'https:\/\/reisen.v-74.de\/wp-admin\/admin-ajax.php',     data: { action: 'link_library_tracker',             _ajax_nonce: 'e4a13f08ff',             id:linkid, xpath:path }     });\nreturn true;\n});\njQuery('#linklist7 .expandlinks').click(function() {\ntarget = '.' + jQuery(this).attr('id');\nsubcattarget = '.' + jQuery(this).attr('data-subcat');\nif ( jQuery( target ).is(':visible') ) {\njQuery(target).slideUp();\njQuery(subcattarget).slideToggle();\njQuery(this).children('img').attr('src', 'https:\/\/reisen.v-74.de\/wp-content\/plugins\/link-library\/icons\/expand-32.png');\n} else {\njQuery(target).slideDown();\njQuery(subcattarget).slideToggle();\njQuery(this).children('img').attr('src', 'https:\/\/reisen.v-74.de\/wp-content\/plugins\/link-library\/icons\/collapse-32.png');\n}\n});\njQuery('#linklist7 .linklistcatclass').click(function() {\njQuery(this).siblings('.expandlinks').click();\n});\njQuery('#linklist7 .linklistcatnamedesc').click(function() {\njQuery(this).siblings('.expandlinks').click();\n});\n});\n<\/script>\n<\/div><!-- Div Linklist -->\n<!-- End of Link Library Output -->\n\n\n<p>Auch 2008 auf der Sinai-Reise gab es hierzu schon einen <a title=\"Kulinarisches\" href=\"https:\/\/reisen.v-74.de\/?p=43\" target=\"_blank\" rel=\"noopener\">Beitrag<\/a>.<\/p>\n","protected":false},"excerpt":{"rendered":"<p>Eines unserer liebsten Mitbringsel von unseren Reisen sind Kochb\u00fccher. Rezepte sind jedoch auch im Internet zu finden und so ist hier der Ort f\u00fcr eine Sammlung unserer Lieblingsspeisen und -getr\u00e4nke, die wir woanders auf der Welt kennen und lieben gelernt haben. Auch 2008 auf der Sinai-Reise gab es hierzu schon einen Beitrag.<\/p>\n","protected":false},"author":23,"featured_media":2672,"parent":276,"menu_order":0,"comment_status":"open","ping_status":"closed","template":"","meta":{"footnotes":""},"_links":{"self":[{"href":"https:\/\/reisen.v-74.de\/index.php?rest_route=\/wp\/v2\/pages\/2678"}],"collection":[{"href":"https:\/\/reisen.v-74.de\/index.php?rest_route=\/wp\/v2\/pages"}],"about":[{"href":"https:\/\/reisen.v-74.de\/index.php?rest_route=\/wp\/v2\/types\/page"}],"author":[{"embeddable":true,"href":"https:\/\/reisen.v-74.de\/index.php?rest_route=\/wp\/v2\/users\/23"}],"replies":[{"embeddable":true,"href":"https:\/\/reisen.v-74.de\/index.php?rest_route=%2Fwp%2Fv2%2Fcomments&post=2678"}],"version-history":[{"count":2,"href":"https:\/\/reisen.v-74.de\/index.php?rest_route=\/wp\/v2\/pages\/2678\/revisions"}],"predecessor-version":[{"id":4473,"href":"https:\/\/reisen.v-74.de\/index.php?rest_route=\/wp\/v2\/pages\/2678\/revisions\/4473"}],"up":[{"embeddable":true,"href":"https:\/\/reisen.v-74.de\/index.php?rest_route=\/wp\/v2\/pages\/276"}],"wp:featuredmedia":[{"embeddable":true,"href":"https:\/\/reisen.v-74.de\/index.php?rest_route=\/wp\/v2\/media\/2672"}],"wp:attachment":[{"href":"https:\/\/reisen.v-74.de\/index.php?rest_route=%2Fwp%2Fv2%2Fmedia&parent=2678"}],"curies":[{"name":"wp","href":"https:\/\/api.w.org\/{rel}","templated":true}]}}