{"id":2453,"date":"2015-03-31T18:03:24","date_gmt":"2015-03-31T17:03:24","guid":{"rendered":"https:\/\/reisen.lorrikeet.de\/?page_id=2453"},"modified":"2015-03-31T18:03:24","modified_gmt":"2015-03-31T17:03:24","slug":"jordanien-links","status":"publish","type":"page","link":"https:\/\/reisen.v-74.de\/?page_id=2453","title":{"rendered":"Jordanien Links"},"content":{"rendered":"<!-- Link Library Categories Output -->\n\n<div id=\"linktable\" class=\"linktable\"><table width=\"100%\">\n<tr>\n\t<td><a href=\"#jordanien-allgemein\"><span class=\"linkcatname\">Jordanien allgemein<\/span><\/a><\/td>\n<\/tr>\n<tr>\n\t<td><a href=\"#nachrichten-aus-jordanien\"><span class=\"linkcatname\">Nachrichten aus Jordanien<\/span><\/a><\/td>\n<\/tr>\n<\/table>\n<\/div>\n\n<div style='clear:both' \/>\n\n<!-- End of Link Library Categories Output -->\n<!-- Beginning of Link Library Output --><div id='linklist6' class='linklist'><!-- Div Linklist -->\n<div class=\"LinkLibraryCat LinkLibraryCat255 level0\"><!-- Div Category --><div id=\"jordanien-allgemein\"><!-- Div Category Name --><div class=\"linklistcatname\"><!-- Div Cat Name --><span class=\"linklistcatclass\">Jordanien allgemein<\/span><\/div><!-- DivOrHeader --><\/div><!-- Div Category Name -->\n\t<ul>\n<li><a href=\"http:\/\/www.amman.diplo.de\/Vertretung\/amman\/de\/01-willk\/0-willkommen.html\" id=\"link-3251\" class=\"track_this_link \" rel=\"noopener noreferrer\" target=\"_blank\">Deutsche Botschaft Amman<\/a>\n<i><\/i><\/li>\n<li><a href=\"http:\/\/liportal.giz.de\/jordanien\/\" id=\"link-3247\" class=\"track_this_link \" rel=\"noopener noreferrer\" target=\"_blank\">Deutsche Gesellschaft f\u00fcr internationale Zusammenarbeit (giz): L\u00e4nderinformation Jordanien<\/a>\n<i><\/i><\/li>\n\t<\/ul>\n<\/div><!-- Div End Category -->\n<div class=\"LinkLibraryCat LinkLibraryCat254 level0\"><!-- Div Category --><div id=\"nachrichten-aus-jordanien\"><!-- Div Category Name --><div class=\"linklistcatname\"><!-- Div Cat Name --><span class=\"linklistcatclass\">Nachrichten aus Jordanien<\/span><\/div><!-- DivOrHeader --><\/div><!-- Div Category Name -->\n\t<ul>\n<li><a href=\"http:\/\/www.bluewin.ch\/de\/news\/ausland\/2015\/3\/31\/allein-in-der-felsenstadt-petra.html\" id=\"link-3250\" class=\"track_this_link \" rel=\"noopener noreferrer\" target=\"_blank\">Allein in der Felsenstadt Petra<\/a>\n<i>Bluewin, 5.4.2015<\/i><\/li>\n<li><a href=\"http:\/\/taz.de\/Arbeitslosigkeit-im-Nahen-Osten\/!5200332\/\" id=\"link-3260\" class=\"track_this_link \" rel=\"noopener noreferrer\" target=\"_blank\">Arbeitslosigkeit im Nahen Osten<\/a>\n<i>TAZ, 24.5.2015<\/i><\/li>\n<li><a href=\"http:\/\/www.tagesspiegel.de\/kultur\/deutsch-arabischer-fotoworkshop-in-amman-wuerde-und-wueste\/11570426.html\" id=\"link-3245\" class=\"track_this_link \" rel=\"noopener noreferrer\" target=\"_blank\">Deutsch-arabischer Fotoworkshop in Amman: &quot;W\u00fcrde und W\u00fcste&quot;<\/a>\n<i>Der Tagesspiegel, 29.3.2015<\/i><\/li>\n<li><a href=\"http:\/\/www.zeit.de\/politik\/ausland\/2015-06\/syrien-jordanien-fluechtlinge\" id=\"link-3262\" class=\"track_this_link \" rel=\"noopener noreferrer\" target=\"_blank\">Jordanien will Arbeitsmarkt f\u00fcr Fl\u00fcchtlinge aus Syrien \u00f6ffnen<\/a>\n<i>DIE ZEIT, 9.Juni 2015<\/i><\/li>\n<li><a href=\"http:\/\/www.kas.de\/wf\/doc\/kas_40677-1522-1-30.pdf?150311100037\" id=\"link-3264\" class=\"track_this_link \" rel=\"noopener noreferrer\" target=\"_blank\">Jordanien \u2013 Energiesicherheit ungekl\u00e4rt<\/a>\n<i>Konrad-Adenauer-Stiftung e.V., M\u00e4rz 2015<\/i><\/li>\n<li><a href=\"http:\/\/www.ots.at\/presseaussendung\/OTS_20150330_OTS0019\/jordanien-vier-pfoten-startet-hilfsprojekt-fuer-arbeitende-esel-und-pferde-in-beruehmter-felsenstadt-petra-bild\" id=\"link-3244\" class=\"track_this_link \" rel=\"noopener noreferrer\" target=\"_blank\">Jordanien: VIER PFOTEN startet Hilfsprojekt f\u00fcr arbeitende Esel und Pferde in ber\u00fchmter Felsenstadt Petra<\/a>\n<i>30.3.2015<\/i><\/li>\n<li><a href=\"http:\/\/www.faz.net\/aktuell\/politik\/ausland\/naher-osten\/kampf-gegen-den-is-jordanische-zeitbombe-13527960.html\" id=\"link-3253\" class=\"track_this_link \" rel=\"noopener noreferrer\" target=\"_blank\">Kampf gegen den IS: Jordanische Zeitbombe<\/a>\n<i>FAZ, 9.4.2015<\/i><\/li>\n<li><a href=\"http:\/\/www.nzz.ch\/international\/sockenpuppen-helfen-beim-luftholen-1.18516790\" id=\"link-3248\" class=\"track_this_link \" rel=\"noopener noreferrer\" target=\"_blank\">Syriens traumatisierte Fl\u00fcchtlinge &#8211; Sockenpuppen helfen beim Luftholen<\/a>\n<i>Neue Z\u00fcrcher Zeitung, 6.4.2015<\/i><\/li>\n<li><a href=\"http:\/\/www.deutschlandfunk.de\/syrische-fluechtlinge-gespannte-nachbarschaft-in-jordanien.799.de.html?dram:article_id=280852\" id=\"link-3246\" class=\"track_this_link \" rel=\"noopener noreferrer\" target=\"_blank\">Syrische Fl\u00fcchtlinge &#8211; Gespannte Nachbarschaft in Jordanien<\/a>\n<i>Deutschlandfunk, 22.3.2014<\/i><\/li>\n<li><a href=\"http:\/\/www.aerotelegraph.com\/israel-baut-neun-flughafen-eilat-timna-aerger-nachbar-jordanien\" id=\"link-3254\" class=\"track_this_link \" rel=\"noopener noreferrer\" target=\"_blank\">Timna Airport bei Eilat: Streit um neuen Flughafen in Israel<\/a>\n<i>aero Telegraph, 16.4.2015<\/i><\/li>\n<li><a href=\"http:\/\/www.wienerzeitung.at\/nachrichten\/welt\/weltpolitik\/744324_Umzingelt.html\" id=\"link-3252\" class=\"track_this_link \" rel=\"noopener noreferrer\" target=\"_blank\">Umzingelt<\/a>\n<i>Wiener Zeitung, 2.4.2015<\/i><\/li>\n<li><a href=\"http:\/\/www.epo.de\/index.php?option=com_content&#038;view=article&#038;id=11304:weltgesundheitstag-drei-von-zehn-syrischen-fluechtlingen-in-jordanien-haben-keinen-zugang-zu-gesundheitsversorgung&#038;catid=52&#038;Itemid=100\" id=\"link-3249\" class=\"track_this_link \" rel=\"noopener noreferrer\" target=\"_blank\">Weltgesundheitstag: Drei von zehn syrischen Fl\u00fcchtlingen in Jordanien haben keinen Zugang zu Gesundheitsversorgung<\/a>\n<i>Entwicklungspolitik online, 4.4.2015<\/i><\/li>\n<li><a href=\"http:\/\/www.zenithonline.de\/deutsch\/wirtschaft\/a\/artikel\/wie-ammans-luxustraeume-jordaniens-gesellschaft-spalten-004412\/\" id=\"link-3259\" class=\"track_this_link \" rel=\"noopener noreferrer\" target=\"_blank\">Wie Ammans Luxustr\u00e4ume Jordaniens Gesellschaft spalten<\/a>\n<i>Zenith online, 18.5.2015<\/i><\/li>\n<li><a href=\"http:\/\/de.qantara.de\/inhalt\/wirtschaftliche-folgen-des-syrischen-buergerkriegs-der-ferne-traum-vom-oekonomischen\" id=\"link-3261\" class=\"track_this_link \" rel=\"noopener noreferrer\" target=\"_blank\">Wirtschaftliche Folgen des syrischen B\u00fcrgerkriegs<\/a>\n<i>Qantara.de, 25.5.2015<\/i><\/li>\n<li><a href=\"http:\/\/www.kas.de\/wf\/doc\/kas_41664-544-1-30.pdf?150611172429\" id=\"link-3263\" class=\"track_this_link \" rel=\"noopener noreferrer\" target=\"_blank\">\u201eAlte\u201c Muslimbruderschaft, \u201eneue\u201c Muslimbruderschaft<\/a>\n<i>Konrad-Adenauer-Stiftung e.V., 11. Juni 2015<\/i><\/li>\n\t<\/ul>\n<\/div><!-- Div End Category -->\n<script type='text\/javascript'>\njQuery(document).ready(function()\n{\njQuery('.arrow-up').hide();\njQuery('#linklist6 a.track_this_link').click(function() {\nlinkid = this.id;\nlinkid = linkid.substring(5);\npath = '';\njQuery.ajax( {    type: 'POST',    url: 'https:\/\/reisen.v-74.de\/wp-admin\/admin-ajax.php',     data: { action: 'link_library_tracker',             _ajax_nonce: 'e4a13f08ff',             id:linkid, xpath:path }     });\nreturn true;\n});\njQuery('#linklist6 .expandlinks').click(function() {\ntarget = '.' + jQuery(this).attr('id');\nsubcattarget = '.' + jQuery(this).attr('data-subcat');\nif ( jQuery( target ).is(':visible') ) {\njQuery(target).slideUp();\njQuery(subcattarget).slideToggle();\njQuery(this).children('img').attr('src', 'https:\/\/reisen.v-74.de\/wp-content\/plugins\/link-library\/icons\/expand-32.png');\n} else {\njQuery(target).slideDown();\njQuery(subcattarget).slideToggle();\njQuery(this).children('img').attr('src', 'https:\/\/reisen.v-74.de\/wp-content\/plugins\/link-library\/icons\/collapse-32.png');\n}\n});\njQuery('#linklist6 .linklistcatclass').click(function() {\njQuery(this).siblings('.expandlinks').click();\n});\njQuery('#linklist6 .linklistcatnamedesc').click(function() {\njQuery(this).siblings('.expandlinks').click();\n});\n});\n<\/script>\n<\/div><!-- Div Linklist -->\n<!-- End of Link Library Output -->\n\n\n","protected":false},"excerpt":{"rendered":"","protected":false},"author":23,"featured_media":0,"parent":0,"menu_order":0,"comment_status":"open","ping_status":"closed","template":"","meta":{"footnotes":""},"_links":{"self":[{"href":"https:\/\/reisen.v-74.de\/index.php?rest_route=\/wp\/v2\/pages\/2453"}],"collection":[{"href":"https:\/\/reisen.v-74.de\/index.php?rest_route=\/wp\/v2\/pages"}],"about":[{"href":"https:\/\/reisen.v-74.de\/index.php?rest_route=\/wp\/v2\/types\/page"}],"author":[{"embeddable":true,"href":"https:\/\/reisen.v-74.de\/index.php?rest_route=\/wp\/v2\/users\/23"}],"replies":[{"embeddable":true,"href":"https:\/\/reisen.v-74.de\/index.php?rest_route=%2Fwp%2Fv2%2Fcomments&post=2453"}],"version-history":[{"count":0,"href":"https:\/\/reisen.v-74.de\/index.php?rest_route=\/wp\/v2\/pages\/2453\/revisions"}],"wp:attachment":[{"href":"https:\/\/reisen.v-74.de\/index.php?rest_route=%2Fwp%2Fv2%2Fmedia&parent=2453"}],"curies":[{"name":"wp","href":"https:\/\/api.w.org\/{rel}","templated":true}]}}