{"id":124,"date":"2009-12-26T21:54:19","date_gmt":"2009-12-26T19:54:19","guid":{"rendered":"http:\/\/v-74.de\/Reisen\/?page_id=124"},"modified":"2012-02-05T20:49:33","modified_gmt":"2012-02-05T20:49:33","slug":"sinai-links","status":"publish","type":"page","link":"https:\/\/reisen.v-74.de\/?page_id=124","title":{"rendered":"Sinai Links"},"content":{"rendered":"<!-- Link Library Categories Output -->\n\n<div id=\"linktable\" class=\"linktable\"><table width=\"100%\">\n<tr>\n\t<td><a href=\"#aegypten-allgemein\"><span class=\"linkcatname\">\u00c4gypten allgemein<span class=\"linkcatcount\"> (4)<\/span><\/span><\/a><\/td>\n<\/tr>\n<tr>\n\t<td><a href=\"#aktuelles\"><span class=\"linkcatname\">Aktuelles<span class=\"linkcatcount\"> (5)<\/span><\/span><\/a><\/td>\n<\/tr>\n<tr>\n\t<td><a href=\"#sinai-die-wueste\"><span class=\"linkcatname\">Sinai - Die W\u00fcste<span class=\"linkcatcount\"> (7)<\/span><\/span><\/a><\/td>\n<\/tr>\n<tr>\n\t<td><a href=\"#sinai-geschichte-und-politik\"><span class=\"linkcatname\">Sinai - Geschichte und Politik<span class=\"linkcatcount\"> (9)<\/span><\/span><\/a><\/td>\n<\/tr>\n<tr>\n\t<td><a href=\"#tauchen-und-schnorcheln-im-roten-meer\"><span class=\"linkcatname\">Tauchen und Schnorcheln im Roten Meer<span class=\"linkcatcount\"> (9)<\/span><\/span><\/a><\/td>\n<\/tr>\n<\/table>\n<\/div>\n\n<div style='clear:both' \/>\n\n<!-- End of Link Library Categories Output -->\n<!-- Beginning of Link Library Output --><div id='linklist2' class='linklist'><!-- Div Linklist -->\n<div class=\"LinkLibraryCat LinkLibraryCat230 level0\"><!-- Div Category --><div id=\"aegypten-allgemein\"><!-- Div Category Name --><div class=\"linklistcatname\"><!-- Div Cat Name --><span class=\"linklistcatclass\">\u00c4gypten allgemein<\/span><\/div><!-- DivOrHeader --><\/div><!-- Div Category Name -->\n\t<ul>\n<li><a href=\"http:\/\/www.lessan.de\" id=\"link-3190\" class=\"track_this_link \" rel=\"noopener noreferrer nofollow\" target=\"_blank\">Arabisch W\u00f6rterbuch<\/a>\n<i> - <\/i><\/li>\n<li><a href=\"http:\/\/www.auswaertiges-amt.de\/DE\/Laenderinformationen\/00-SiHi\/AegyptenSicherheit.html\" id=\"link-3158\" class=\"track_this_link \" rel=\"noopener noreferrer nofollow\" target=\"_blank\">Ausw\u00e4rtiges Amt: L\u00e4nderinformation \u00c4gypten<\/a>\n<i> - ausf\u00fchrliche Informationen zu Politik, Wirtschaft, Kultur und Geschichte<\/i><\/li>\n<li><a href=\"http:\/\/lexicorient.com\/babel\/arabic\/index.htm\" id=\"link-3188\" class=\"track_this_link \" rel=\"noopener noreferrer nofollow\" target=\"_blank\">LookLex \/ Course \/ Arabic<\/a>\n<i> - Ein Arabischkurs<\/i><\/li>\n<li><a href=\"http:\/\/www.madinaharabic.com\/\" id=\"link-3189\" class=\"track_this_link \" rel=\"noopener noreferrer nofollow\" target=\"_blank\">Madinah Arabic<\/a>\n<i> - Online Arabischkurs<\/i><\/li>\n\t<\/ul>\n<\/div><!-- Div End Category -->\n<div class=\"LinkLibraryCat LinkLibraryCat236 level0\"><!-- Div Category --><div id=\"aktuelles\"><!-- Div Category Name --><div class=\"linklistcatname\"><!-- Div Cat Name --><span class=\"linklistcatclass\">Aktuelles<\/span><\/div><!-- DivOrHeader --><\/div><!-- Div Category Name -->\n\t<ul>\n<li><a href=\"http:\/\/jnthnwrght.blogspot.com\/\" id=\"link-3209\" class=\"track_this_link \" rel=\"noopener noreferrer nofollow\" target=\"_blank\">Der Blog von Jonathan Wright<\/a>\n<i> - <\/i><\/li>\n<li><a href=\"http:\/\/www.guardian.co.uk\/world\/2010\/dec\/01\/egypt-closes-beaches-shark-attacks\" id=\"link-3208\" class=\"track_this_link \" rel=\"noopener noreferrer nofollow\" target=\"_blank\">Egypt closes beaches over shark attacks<\/a>\n<i> - The Guardian \u00fcber den Haiangriff<\/i><\/li>\n<li><a href=\"http:\/\/www.arte.tv\/de\/Die-Welt-verstehen\/arte-journal\/3671662.html\" id=\"link-3202\" class=\"track_this_link \" rel=\"noopener noreferrer nofollow\" target=\"_blank\">Interview: Analyse der Proteste in \u00c4gypten<\/a>\n<i> - <\/i><\/li>\n<li><a href=\"http:\/\/www.guardian.co.uk\/world\/2011\/jan\/31\/egypt-sharm-el-sheikh-tourists-tension\" id=\"link-3207\" class=\"track_this_link \" rel=\"noopener noreferrer nofollow\" target=\"_blank\">Sharm el-Sheikh&#039;s tourists talking about a revolution<\/a>\n<i> - The Guardian \u00fcber Touristen in Sharm El-Sheikh<\/i><\/li>\n<li><a href=\"https:\/\/silawa.wordpress.com\/\" id=\"link-3210\" class=\"track_this_link \" rel=\"noopener noreferrer nofollow\" target=\"_blank\">The flight of the Silawa<\/a>\n<i> - <\/i><\/li>\n\t<\/ul>\n<\/div><!-- Div End Category -->\n<div class=\"LinkLibraryCat LinkLibraryCat232 level0\"><!-- Div Category --><div id=\"sinai-die-wueste\"><!-- Div Category Name --><div class=\"linklistcatname\"><!-- Div Cat Name --><span class=\"linklistcatclass\">Sinai - Die W\u00fcste<\/span><\/div><!-- DivOrHeader --><\/div><!-- Div Category Name -->\n\t<ul>\n<li><a href=\"http:\/\/www.ev-akademie-boll.de\/tagungen\/details\/450708.pdf\" id=\"link-3162\" class=\"track_this_link \" rel=\"noopener noreferrer nofollow\" target=\"_blank\">Das Programm der Reise 2008<\/a>\n<i> - Studienreise der ev. Akademie Bad Boll<\/i><\/li>\n<li><a href=\"http:\/\/de.wikipedia.org\/wiki\/Sinai-Halbinsel\" id=\"link-3168\" class=\"track_this_link \" rel=\"noopener noreferrer nofollow\" target=\"_blank\">Der Sinai erkl\u00e4rt von Wikipedia<\/a>\n<i> - <\/i><\/li>\n<li><a href=\"http:\/\/www.ev-akademie-boll.de\" id=\"link-3165\" class=\"track_this_link \" rel=\"noopener noreferrer nofollow\" target=\"_blank\">Der Veranstalter in Deutschland<\/a>\n<i> - Evangelische Akademie Bad Boll<\/i><\/li>\n<li><a href=\"http:\/\/maps.google.de\/maps?f=q&#038;hl=de&#038;geocode=&#038;q=%C3%84gypten&#038;ie=UTF8&#038;ll=28.062286,34.046631&#038;spn=0.836166,1.274414&#038;t=h&#038;z=10\" id=\"link-3160\" class=\"track_this_link \" rel=\"noopener noreferrer nofollow\" target=\"_blank\">Die S\u00fcdspitze des Sinai bei Google Maps<\/a>\n<i> - Ansicht als Satellitenbild<\/i><\/li>\n<li><a href=\"http:\/\/www.sinai-bedouin.com\/\" id=\"link-3169\" class=\"track_this_link \" rel=\"noopener noreferrer nofollow\" target=\"_blank\">Informationen \u00fcber den Sinai und die Beduinen von einer Ethnologin<\/a>\n<i> - <\/i><\/li>\n<li><a href=\"http:\/\/www.spiegel.de\/reise\/fernweh\/0,1518,219240,00.html\" id=\"link-3184\" class=\"track_this_link \" rel=\"noopener noreferrer nofollow\" target=\"_blank\">Mosesberg im Sinai: Wo Himmel und Erde zusammenr\u00fccken<\/a>\n<i> - Artikel aus dem SPIEGEL vom 22.10.2002<\/i><\/li>\n<li><a href=\"http:\/\/www.spiritofsinai.de\/\" id=\"link-3150\" class=\"track_this_link \" rel=\"noopener noreferrer nofollow\" target=\"_blank\">Spirit of Sinai<\/a>\n<i> - Der Veranstalter vor Ort<\/i><\/li>\n\t<\/ul>\n<\/div><!-- Div End Category -->\n<div class=\"LinkLibraryCat LinkLibraryCat235 level0\"><!-- Div Category --><div id=\"sinai-geschichte-und-politik\"><!-- Div Category Name --><div class=\"linklistcatname\"><!-- Div Cat Name --><span class=\"linklistcatclass\">Sinai - Geschichte und Politik<\/span><\/div><!-- DivOrHeader --><\/div><!-- Div Category Name -->\n\t<ul>\n<li><a href=\"http:\/\/pdf.zeit.de\/online\/2006\/17\/dahab_erinnerung.pdf\" id=\"link-3174\" class=\"track_this_link \" rel=\"noopener noreferrer nofollow\" target=\"_blank\">Anschlag &#8211; Ins Mark getroffen<\/a>\n<i> - Kommentar in ZEIT online vom 25.4.2006 zu den Anschl\u00e4gen in Dahab<\/i><\/li>\n<li><a href=\"http:\/\/pdf.zeit.de\/2005\/30\/aegypten_kommentar.pdf\" id=\"link-3173\" class=\"track_this_link \" rel=\"noopener noreferrer nofollow\" target=\"_blank\">Anschlag auf den Frieden<\/a>\n<i> - Kommentar in DIE ZEIT (30\/2005) zu den Anschl\u00e4gen in Sharm El Sheikh<\/i><\/li>\n<li><a href=\"http:\/\/www.spiegel.de\/politik\/ausland\/0,1518,417742,00.html\" id=\"link-3180\" class=\"track_this_link \" rel=\"noopener noreferrer nofollow\" target=\"_blank\">Attent\u00e4ter von Dahab im Gaza-Streifen ausgebildet<\/a>\n<i> - Artikel aus SPIEGEL online vom 23. Mai 2006<\/i><\/li>\n<li><a href=\"http:\/\/pdf.zeit.de\/2007\/24\/6-Tage-Krieg.pdf\" id=\"link-3172\" class=\"track_this_link \" rel=\"noopener noreferrer nofollow\" target=\"_blank\">Nahost &#8211; Der Nebel der Geschichte<\/a>\n<i> - Ein Artikel aus DIE ZEIT \u00fcber den Sechstagekrieg<\/i><\/li>\n<li><a href=\"http:\/\/www.spiegel.de\/politik\/ausland\/0,1518,485967,00.html\" id=\"link-3178\" class=\"track_this_link \" rel=\"noopener noreferrer nofollow\" target=\"_blank\">Sechs-Tage-Krieg: &#8222;Israel handelte gegen seine eigenen Interessen&#8220;<\/a>\n<i> - Interview mit dem Historiker Tom Segev aus dem SPIEGEL vom 1.6.2007<\/i><\/li>\n<li><a href=\"http:\/\/pdf.zeit.de\/2007\/24\/P-Segev.pdf\" id=\"link-3171\" class=\"track_this_link \" rel=\"noopener noreferrer nofollow\" target=\"_blank\">Sechstagekrieg &#8211; Furcht und Sieg<\/a>\n<i> - Eine Buchbesprechung aus DIE ZEIT<\/i><\/li>\n<li><a href=\"http:\/\/www.spiegel.de\/politik\/ausland\/0,1518,413224,00.html\" id=\"link-3181\" class=\"track_this_link \" rel=\"noopener noreferrer nofollow\" target=\"_blank\">Terror auf dem Sinai: Nomaden-Krieger im globalen Dschihad<\/a>\n<i> - Artikel \u00fcber die Rolle der Beduinen bei den Terroranschl\u00e4gen (SPIEGEL online 27.4.2006)<\/i><\/li>\n<li><a href=\"http:\/\/pdf.zeit.de\/2006\/18\/gypten_neu.pdf\" id=\"link-3175\" class=\"track_this_link \" rel=\"noopener noreferrer nofollow\" target=\"_blank\">Terrorismus &#8211; Generation Golfkrieg<\/a>\n<i> - Artikel aus DIE ZEIT (18\/2006) zum Terrorismus in \u00c4gypten<\/i><\/li>\n<li><a href=\"http:\/\/www.mfo.org\" id=\"link-3170\" class=\"track_this_link \" rel=\"noopener noreferrer nofollow\" target=\"_blank\">Webseite der internationalen Schutztruppen auf dem Sinai<\/a>\n<i> - Multinational Force &amp; Obervers<\/i><\/li>\n\t<\/ul>\n<\/div><!-- Div End Category -->\n<div class=\"LinkLibraryCat LinkLibraryCat233 level0\"><!-- Div Category --><div id=\"tauchen-und-schnorcheln-im-roten-meer\"><!-- Div Category Name --><div class=\"linklistcatname\"><!-- Div Cat Name --><span class=\"linklistcatclass\">Tauchen und Schnorcheln im Roten Meer<\/span><\/div><!-- DivOrHeader --><\/div><!-- Div Category Name -->\n\t<ul>\n<li><a href=\"http:\/\/www.elquseircharta.org\/index.php\" id=\"link-3186\" class=\"track_this_link \" rel=\"noopener noreferrer nofollow\" target=\"_blank\">El Quseir Charta<\/a>\n<i> - Eine Initiative zum Schutz der Korallenriffe<\/i><\/li>\n<li><a href=\"http:\/\/www.wikivoyage.org\/de\/Scharm_esch-Scheich\" id=\"link-3163\" class=\"track_this_link \" rel=\"noopener noreferrer nofollow\" target=\"_blank\">Informationen \u00fcber Sharm El Sheikh von Wikivoyage<\/a>\n<i> - <\/i><\/li>\n<li><a href=\"http:\/\/www.redsea-ec.org\/deutsch\/index-de.php\" id=\"link-3185\" class=\"track_this_link \" rel=\"noopener noreferrer nofollow\" target=\"_blank\">Red Sea Environmental Centre<\/a>\n<i> - <\/i><\/li>\n<li><a href=\"http:\/\/www.reefcheck.de\/\" id=\"link-3187\" class=\"track_this_link \" rel=\"noopener noreferrer nofollow\" target=\"_blank\">Reef Check Europe<\/a>\n<i> - Eine weltweite Initiative zum Schutz der Korallenriffe<\/i><\/li>\n<li><a href=\"http:\/\/www.sharkwater.de\" id=\"link-3167\" class=\"track_this_link \" rel=\"noopener noreferrer nofollow\" target=\"_blank\">Sehenswerter Film \u00fcber Haie<\/a>\n<i> - Sharkwater<\/i><\/li>\n<li><a href=\"http:\/\/www.partydiver-oldenburg.de\/\" id=\"link-3159\" class=\"track_this_link \" rel=\"noopener noreferrer nofollow\" target=\"_blank\">Tauchbilder<\/a>\n<i> - <\/i><\/li>\n<li><a href=\"http:\/\/www.heetfeld.de\/sharm-el-sheikh.html\" id=\"link-3161\" class=\"track_this_link \" rel=\"noopener noreferrer nofollow\" target=\"_blank\">Tauchbilder Sharm el Sheikh<\/a>\n<i> - <\/i><\/li>\n<li><a href=\"http:\/\/www.wernerlau.com\" id=\"link-3166\" class=\"track_this_link \" rel=\"noopener noreferrer nofollow\" target=\"_blank\">Unsere Tauchbasis in Sharm El Sheikh<\/a>\n<i> - Werner Lau Dive Center<\/i><\/li>\n<li><a href=\"http:\/\/www.video-bubbles.com\" id=\"link-3164\" class=\"track_this_link \" rel=\"noopener noreferrer nofollow\" target=\"_blank\">Videobubbles<\/a>\n<i> - Videos vom Tauchen und andere Unterwasseraufnahmen<\/i><\/li>\n\t<\/ul>\n<\/div><!-- Div End Category -->\n<script type='text\/javascript'>\njQuery(document).ready(function()\n{\njQuery('.arrow-up').hide();\njQuery('#linklist2 a.track_this_link').click(function() {\nlinkid = this.id;\nlinkid = linkid.substring(5);\npath = '';\njQuery.ajax( {    type: 'POST',    url: 'https:\/\/reisen.v-74.de\/wp-admin\/admin-ajax.php',     data: { action: 'link_library_tracker',             _ajax_nonce: '697be4506a',             id:linkid, xpath:path }     });\nreturn true;\n});\njQuery('#linklist2 .expandlinks').click(function() {\ntarget = '.' + jQuery(this).attr('id');\nsubcattarget = '.' + jQuery(this).attr('data-subcat');\nif ( jQuery( target ).is(':visible') ) {\njQuery(target).slideUp();\njQuery(subcattarget).slideToggle();\njQuery(this).children('img').attr('src', 'https:\/\/reisen.v-74.de\/wp-content\/plugins\/link-library\/icons\/expand-32.png');\n} else {\njQuery(target).slideDown();\njQuery(subcattarget).slideToggle();\njQuery(this).children('img').attr('src', 'https:\/\/reisen.v-74.de\/wp-content\/plugins\/link-library\/icons\/collapse-32.png');\n}\n});\njQuery('#linklist2 .linklistcatclass').click(function() {\njQuery(this).siblings('.expandlinks').click();\n});\njQuery('#linklist2 .linklistcatnamedesc').click(function() {\njQuery(this).siblings('.expandlinks').click();\n});\n});\n<\/script>\n<\/div><!-- Div Linklist -->\n<!-- End of Link Library Output -->\n\n\n<p>&nbsp;<\/p>\n","protected":false},"excerpt":{"rendered":"<p>&nbsp;<\/p>\n","protected":false},"author":23,"featured_media":0,"parent":120,"menu_order":0,"comment_status":"open","ping_status":"closed","template":"","meta":{"footnotes":""},"_links":{"self":[{"href":"https:\/\/reisen.v-74.de\/index.php?rest_route=\/wp\/v2\/pages\/124"}],"collection":[{"href":"https:\/\/reisen.v-74.de\/index.php?rest_route=\/wp\/v2\/pages"}],"about":[{"href":"https:\/\/reisen.v-74.de\/index.php?rest_route=\/wp\/v2\/types\/page"}],"author":[{"embeddable":true,"href":"https:\/\/reisen.v-74.de\/index.php?rest_route=\/wp\/v2\/users\/23"}],"replies":[{"embeddable":true,"href":"https:\/\/reisen.v-74.de\/index.php?rest_route=%2Fwp%2Fv2%2Fcomments&post=124"}],"version-history":[{"count":0,"href":"https:\/\/reisen.v-74.de\/index.php?rest_route=\/wp\/v2\/pages\/124\/revisions"}],"up":[{"embeddable":true,"href":"https:\/\/reisen.v-74.de\/index.php?rest_route=\/wp\/v2\/pages\/120"}],"wp:attachment":[{"href":"https:\/\/reisen.v-74.de\/index.php?rest_route=%2Fwp%2Fv2%2Fmedia&parent=124"}],"curies":[{"name":"wp","href":"https:\/\/api.w.org\/{rel}","templated":true}]}}